{"id":8275,"date":"2025-07-14T08:21:23","date_gmt":"2025-07-14T08:21:23","guid":{"rendered":"https:\/\/inv.si\/?page_id=8275"},"modified":"2026-02-27T10:45:20","modified_gmt":"2026-02-27T10:45:20","slug":"german-speaking-ethnic-community-in-slovenia","status":"publish","type":"page","link":"https:\/\/inv.si\/en\/german-speaking-ethnic-community-in-slovenia\/","title":{"rendered":"German-speaking ethnic community in Slovenia"},"content":{"rendered":"\r\n<div id=\"content-text-block-block_27c1565539ab140df8e763df6db11318\" class=\"block-content-text-block\">\r\n    <p><p><img decoding=\"async\" src=\"https:\/\/inv.si\/wp-content\/uploads\/2025\/04\/ESKIM_Vsebina_3.png\" \/><\/p>\n<h2>German-speaking ethnic community in Slovenia<\/h2>\n<p><\/p>\n<p style=\"text-align: justify\">Members of the indigenous German-speaking ethnic community in Slovenia have lived in the area of today&#8217;s Republic of Slovenia for centuries. Today, they live mainly in Styria, in cities such as Maribor, Celje, Ptuj, and Apa\u010de, and in the southeast of the country in the Ko\u010devje region, in settlements belonging to the municipalities of Ko\u010devje, Dolenjske Toplice, and Semi\u010d, as well as in Ljubljana.<br \/>\nThe interests of the German-speaking ethnic community in Slovenia are represented by the Association of Cultural Societies of the German-speaking Ethnic Community in Slovenia (Dachverband der Kulturvereine der deutschsprachigen Volksgruppe in Slowenien). The Association of Cultural Societies of the German-speaking National Community in Slovenia is an umbrella organization of German-speaking cultural societies of the traditional or indigenous minority in the Republic of Slovenia. The umbrella organization includes seven societies and has its headquarters in Ob\u010dice 9, 8350 Dolenjske Toplice. Ur\u0161ka Kop has been the president of this umbrella organization since 2023.<br \/>\nThe association strives to regulate the rights of the German national community by incorporating them into the Slovenian Constitution, as they believe that this would make it easier to achieve their goals, which are to preserve and develop the German national community in Slovenia, regulating its rights through laws and the Constitution in the areas of preserving the German language, teaching in the mother tongue, and certain other rights enjoyed by other constitutionally and legally protected national minorities in Slovenia. One of the main goals of its activities is the recognition of the collective rights of the national community. Since the establishment of the independent state of Slovenia, the German-speaking national community has been supported in its efforts by the Republic of Austria.<br \/>\nThe associations represented in the umbrella organization participate in the organization of cultural events such as choir concerts, readings, exhibitions, and dance performances, language courses, and children&#8217;s camps. In addition, they also publish newspapers (Bakh &#8211; Pot, Laibacher Zeitung) and books.<br \/>\n&nbsp;<\/p>\n<\/p>\r\n<\/div>\n\n\r\n<div id=\"content-text-block-block_404bea27d0d1e62e6bd8772a9a7d175a\" class=\"block-content-text-block\">\r\n    <p><h3 style=\"text-align: center\">Available content<\/h3>\n<hr \/>\n<p><img decoding=\"async\" src=\"https:\/\/inv.si\/wp-content\/uploads\/2026\/02\/ENG_PASICA-INTERAKTIVEN-ZEMLJEVID-4.svg\" usemap=\"#zemljevid\" \/><\/p>\n<h3>\n<map name=\"zemljevid\">\n<area title=\"Slovenian minority in Italy\" coords=\"790,70,1000,120\" shape=\"rect\" href=\"https:\/\/inv.si\/en\/slovenska-manjsina-v-italiji\/\" \/>\n<area title=\"Roma community in Slovenia\" coords=\"790,130,1000,180\" shape=\"rect\" href=\"https:\/\/inv.si\/en\/romska-skupnost-v-sloveniji\/\" \/>\n<area title=\"Slovenian minority in Austria\" coords=\"790,10,1000,60\" shape=\"rect\" href=\"https:\/\/inv.si\/en\/slovenska-manjsina-v-avstriji\/\" \/>\n<area title=\"Immigrant communities in Slovenia\" coords=\"605,40,775,90\" shape=\"rect\" href=\"https:\/\/inv.si\/en\/priseljenska-drustva-v-sloveniji\/\" \/>\n<area title=\"Slovenian minority in Croatia\" coords=\"19,72,225,116\" shape=\"rect\" href=\"https:\/\/inv.si\/en\/the-slovenian-minority-in-croatia\/\" \/>\n<area title=\"German-speaking ethnic community in Slovenia\" coords=\"19,132,225,181\" shape=\"rect\" href=\"https:\/\/inv.si\/en\/nemsko-govoreca-narodna-skupnost-v-sloveniji\/\" \/>\n<area title=\"Hungarian national community\" coords=\"420,10,600,60\" shape=\"rect\" href=\"https:\/\/inv.si\/en\/madzarska-narodna-skupnost\/\" \/>\n<area shape=\"rect\" coords=\"240,38,410,90\" title=\"Italian national community\" href=\"https:\/\/inv.si\/en\/italjanska-narodna-skupnost\/\">\n<area shape=\"rect\" coords=\"420,65,600,120\" title=\"Slovenian Porabje\" href=\"https:\/\/inv.si\/en\/slovensko-porabje\/\">\n <\/map>\n<hr>\n<\/p>\r\n<\/div>\n\n\r\n<div id=\"content-text-block-block_ba0d7c3bcae56bc3231f01a63d8999b9\" class=\"block-content-text-block\">\r\n    <p><p><a href=\"https:\/\/inv.si\/en\/indok\/8387-2\/\"><img decoding=\"async\" src=\"https:\/\/inv.si\/wp-content\/uploads\/2025\/04\/Nazaj.png\" width=\"2%\" \/><\/a><\/p>\n<\/p>\r\n<\/div>","protected":false},"excerpt":{"rendered":"","protected":false},"author":8,"featured_media":0,"parent":0,"menu_order":0,"comment_status":"closed","ping_status":"closed","template":"","meta":{"_acf_changed":false,"footnotes":""},"class_list":["post-8275","page","type-page","status-publish","hentry"],"acf":[],"_links":{"self":[{"href":"https:\/\/inv.si\/en\/wp-json\/wp\/v2\/pages\/8275","targetHints":{"allow":["GET"]}}],"collection":[{"href":"https:\/\/inv.si\/en\/wp-json\/wp\/v2\/pages"}],"about":[{"href":"https:\/\/inv.si\/en\/wp-json\/wp\/v2\/types\/page"}],"author":[{"embeddable":true,"href":"https:\/\/inv.si\/en\/wp-json\/wp\/v2\/users\/8"}],"replies":[{"embeddable":true,"href":"https:\/\/inv.si\/en\/wp-json\/wp\/v2\/comments?post=8275"}],"version-history":[{"count":2,"href":"https:\/\/inv.si\/en\/wp-json\/wp\/v2\/pages\/8275\/revisions"}],"predecessor-version":[{"id":8402,"href":"https:\/\/inv.si\/en\/wp-json\/wp\/v2\/pages\/8275\/revisions\/8402"}],"wp:attachment":[{"href":"https:\/\/inv.si\/en\/wp-json\/wp\/v2\/media?parent=8275"}],"curies":[{"name":"wp","href":"https:\/\/api.w.org\/{rel}","templated":true}]}}

<div id="content-text-block-block_27c1565539ab140df8e763df6db11318" class="block-content-text-block">
    <p><p><img decoding="async" src="https://inv.si/wp-content/uploads/2025/04/ESKIM_Vsebina_3.png" /></p>
<h2>German-speaking ethnic community in Slovenia</h2>
<p></p>
<p style="text-align: justify">Members of the indigenous German-speaking ethnic community in Slovenia have lived in the area of today&#8217;s Republic of Slovenia for centuries. Today, they live mainly in Styria, in cities such as Maribor, Celje, Ptuj, and Apače, and in the southeast of the country in the Kočevje region, in settlements belonging to the municipalities of Kočevje, Dolenjske Toplice, and Semič, as well as in Ljubljana.<br />
The interests of the German-speaking ethnic community in Slovenia are represented by the Association of Cultural Societies of the German-speaking Ethnic Community in Slovenia (Dachverband der Kulturvereine der deutschsprachigen Volksgruppe in Slowenien). The Association of Cultural Societies of the German-speaking National Community in Slovenia is an umbrella organization of German-speaking cultural societies of the traditional or indigenous minority in the Republic of Slovenia. The umbrella organization includes seven societies and has its headquarters in Občice 9, 8350 Dolenjske Toplice. Urška Kop has been the president of this umbrella organization since 2023.<br />
The association strives to regulate the rights of the German national community by incorporating them into the Slovenian Constitution, as they believe that this would make it easier to achieve their goals, which are to preserve and develop the German national community in Slovenia, regulating its rights through laws and the Constitution in the areas of preserving the German language, teaching in the mother tongue, and certain other rights enjoyed by other constitutionally and legally protected national minorities in Slovenia. One of the main goals of its activities is the recognition of the collective rights of the national community. Since the establishment of the independent state of Slovenia, the German-speaking national community has been supported in its efforts by the Republic of Austria.<br />
The associations represented in the umbrella organization participate in the organization of cultural events such as choir concerts, readings, exhibitions, and dance performances, language courses, and children&#8217;s camps. In addition, they also publish newspapers (Bakh &#8211; Pot, Laibacher Zeitung) and books.<br />
&nbsp;</p>
</p>
</div>


<div id="content-text-block-block_404bea27d0d1e62e6bd8772a9a7d175a" class="block-content-text-block">
    <p><h3 style="text-align: center">Available content</h3>
<hr />
<p><img decoding="async" src="https://inv.si/wp-content/uploads/2026/02/ENG_PASICA-INTERAKTIVEN-ZEMLJEVID-4.svg" usemap="#zemljevid" /></p>
<h3>
<map name="zemljevid">
<area title="Slovenian minority in Italy" coords="790,70,1000,120" shape="rect" href="https://inv.si/en/slovenska-manjsina-v-italiji/" />
<area title="Roma community in Slovenia" coords="790,130,1000,180" shape="rect" href="https://inv.si/en/romska-skupnost-v-sloveniji/" />
<area title="Slovenian minority in Austria" coords="790,10,1000,60" shape="rect" href="https://inv.si/en/slovenska-manjsina-v-avstriji/" />
<area title="Immigrant communities in Slovenia" coords="605,40,775,90" shape="rect" href="https://inv.si/en/priseljenska-drustva-v-sloveniji/" />
<area title="Slovenian minority in Croatia" coords="19,72,225,116" shape="rect" href="https://inv.si/en/the-slovenian-minority-in-croatia/" />
<area title="German-speaking ethnic community in Slovenia" coords="19,132,225,181" shape="rect" href="https://inv.si/en/nemsko-govoreca-narodna-skupnost-v-sloveniji/" />
<area title="Hungarian national community" coords="420,10,600,60" shape="rect" href="https://inv.si/en/madzarska-narodna-skupnost/" />
<area shape="rect" coords="240,38,410,90" title="Italian national community" href="https://inv.si/en/italjanska-narodna-skupnost/">
<area shape="rect" coords="420,65,600,120" title="Slovenian Porabje" href="https://inv.si/en/slovensko-porabje/">
 </map>
<hr>
</p>
</div>


<div id="content-text-block-block_ba0d7c3bcae56bc3231f01a63d8999b9" class="block-content-text-block">
    <p><p><a href="https://inv.si/en/indok/8387-2/"><img decoding="async" src="https://inv.si/wp-content/uploads/2025/04/Nazaj.png" width="2%" /></a></p>
</p>
</div>
