{"id":7793,"date":"2026-01-08T17:53:09","date_gmt":"2026-01-08T17:53:09","guid":{"rendered":"https:\/\/inv.si\/publications\/slovenian-cultural-society-lipa-zadar\/"},"modified":"2026-03-13T07:36:15","modified_gmt":"2026-03-13T07:36:15","slug":"slovenian-cultural-society-lipa-zadar","status":"publish","type":"publications","link":"https:\/\/inv.si\/en\/publications\/slovenian-cultural-society-lipa-zadar\/","title":{"rendered":"Slovensko kulturno dru\u0161tvo Lipa Zadar"},"content":{"rendered":"\r\n<div id=\"content-text-block-block_9f7542e5da71d74f930c3a4629b51edd\" class=\"block-content-text-block\">\r\n    <p><p><strong>SUBJECT<\/strong>: Slovenians Abroad | Cultural Educational Societies | Zadar | Cultural Life<br \/>\n<strong>COBISS-ID<\/strong>: <a href=\"https:\/\/plus-legacy.cobiss.net\/cobiss\/si\/sl\/bib\/258871555\">258871555<\/a><\/p>\n<hr \/>\n<p style=\"text-align: justify\">Slovenian associations in Croatia have a long, colorful, and rich history dating back almost a century. Although numerically smaller than other national minorities in Croatia, Slovenians have left an exceptionally important mark on the cultural, economic, and social life of the country over time. Their presence is particularly noticeable in border areas, but also in urban centers, where they have contributed to the development of education, industry, and the arts. This book aims to present the life of the Slovenian Cultural Association Lipa Zadar \u2013 an association that has been operating successfully for more than twenty years \u2013 and to show one aspect of the activities of the Slovenian community in Croatia. With the consent of Darja Jusup, Katarina Bezi\u0107, and Rafaela \u0160tulina, we embarked on our research journey in early 2025 and succeeded in creating a book that presents the active and diverse twenty-year history of Slovenians from Zadar and the surrounding area, united in a cultural society. We were accompanied on this journey by members of the Slovenian Cultural Association Lipa Zadar, to whom we are sincerely grateful, especially Darja Jusup, Katarina Bezi\u0107, and Rafaela \u0160tulina. We would also like to thank the reviewers, Dr. Ines Cvitkovi\u0107 Kalanjo\u0161 and Dr. Jasminka Brala Mudrov\u010di\u0107, the Institute for Ethnic Studies*, and the Office of the Government of the Republic of Slovenia for Slovenians Abroad and Around the World. Finally, we would also like to thank our family members, who patiently supported us throughout the creation of this book and encouraged our creative work.<\/p>\n<p style=\"text-align: right\">Authors<\/p>\n<\/p>\r\n<\/div>","protected":false},"excerpt":{"rendered":"","protected":false},"featured_media":7445,"template":"","categories":[],"class_list":["post-7793","publications","type-publications","status-publish","has-post-thumbnail","hentry"],"acf":[],"_links":{"self":[{"href":"https:\/\/inv.si\/en\/wp-json\/wp\/v2\/publications\/7793","targetHints":{"allow":["GET"]}}],"collection":[{"href":"https:\/\/inv.si\/en\/wp-json\/wp\/v2\/publications"}],"about":[{"href":"https:\/\/inv.si\/en\/wp-json\/wp\/v2\/types\/publications"}],"wp:featuredmedia":[{"embeddable":true,"href":"https:\/\/inv.si\/en\/wp-json\/wp\/v2\/media\/7445"}],"wp:attachment":[{"href":"https:\/\/inv.si\/en\/wp-json\/wp\/v2\/media?parent=7793"}],"wp:term":[{"taxonomy":"category","embeddable":true,"href":"https:\/\/inv.si\/en\/wp-json\/wp\/v2\/categories?post=7793"}],"curies":[{"name":"wp","href":"https:\/\/api.w.org\/{rel}","templated":true}]}}

Slovensko kulturno društvo Lipa Zadar

<div id="content-text-block-block_9f7542e5da71d74f930c3a4629b51edd" class="block-content-text-block">
    <p><p><strong>SUBJECT</strong>: Slovenians Abroad | Cultural Educational Societies | Zadar | Cultural Life<br />
<strong>COBISS-ID</strong>: <a href="https://plus-legacy.cobiss.net/cobiss/si/sl/bib/258871555">258871555</a></p>
<hr />
<p style="text-align: justify">Slovenian associations in Croatia have a long, colorful, and rich history dating back almost a century. Although numerically smaller than other national minorities in Croatia, Slovenians have left an exceptionally important mark on the cultural, economic, and social life of the country over time. Their presence is particularly noticeable in border areas, but also in urban centers, where they have contributed to the development of education, industry, and the arts. This book aims to present the life of the Slovenian Cultural Association Lipa Zadar – an association that has been operating successfully for more than twenty years – and to show one aspect of the activities of the Slovenian community in Croatia. With the consent of Darja Jusup, Katarina Bezić, and Rafaela Štulina, we embarked on our research journey in early 2025 and succeeded in creating a book that presents the active and diverse twenty-year history of Slovenians from Zadar and the surrounding area, united in a cultural society. We were accompanied on this journey by members of the Slovenian Cultural Association Lipa Zadar, to whom we are sincerely grateful, especially Darja Jusup, Katarina Bezić, and Rafaela Štulina. We would also like to thank the reviewers, Dr. Ines Cvitković Kalanjoš and Dr. Jasminka Brala Mudrovčić, the Institute for Ethnic Studies*, and the Office of the Government of the Republic of Slovenia for Slovenians Abroad and Around the World. Finally, we would also like to thank our family members, who patiently supported us throughout the creation of this book and encouraged our creative work.</p>
<p style="text-align: right">Authors</p>
</p>
</div>
