{"id":7917,"date":"2020-10-11T08:45:00","date_gmt":"2020-10-11T08:45:00","guid":{"rendered":"https:\/\/inv.si\/publications\/raznolikost-v-raziskovanju-etnicnosti-izbrani-pogledi-ii\/"},"modified":"2026-03-06T09:11:38","modified_gmt":"2026-03-06T09:11:38","slug":"raznolikost-v-raziskovanju-etnicnosti-izbrani-pogledi-ii","status":"publish","type":"publications","link":"https:\/\/inv.si\/en\/publications\/raznolikost-v-raziskovanju-etnicnosti-izbrani-pogledi-ii\/","title":{"rendered":"Raznolikost v raziskovanju etni\u010dnosti: izbrani pogledi II"},"content":{"rendered":"\r\n<div id=\"content-text-block-block_1b87d1cb9d8af67298c3d2dff43f2f7c\" class=\"block-content-text-block\">\r\n    <p><p style=\"text-align: justify\">The year 2020 marked several important anniversaries. A hundred years have passed since the signing of the Treaty of Trianon, which gave Prekmurje to Slovenia, since the Carinthian plebiscite, which kept the Carinthian Slovenes in Austria, since the Treaty of Rapallo, which gave a third of Slovenian national territory to Italy until the end of World War II, and the burning of the National Hall in Trieste.<br \/>\nSeventy-five years have passed since the end of World War II and sixty-five years since the signing of the State Treaty on the Reestablishment of an Independent and Democratic Austria, or the Austrian State Treaty (ADP), which is of great importance to Slovenia, as, among other things, it provides the international legal basis for guaranteeing the rights of the Slovenian national community in the federal states of Carinthia and Styria.<\/p>\n<p style=\"text-align: justify\">We are also celebrating the 30th anniversary of the proclamation of three constitutional amendments, which represented a new step towards the independence of the Republic of Slovenia. These events in the more or less distant past, which marked the development of the Republic of Slovenia and helped shape the cultural, ethnic and linguistic identity of its inhabitants and members of the Slovenian national community living in neighboring countries, define the topics that the Institute for Ethnic Studies deals with in its scientific research.<\/p>\n<p style=\"text-align: right\"><strong>-Editors<\/strong><\/p>\n<\/p>\r\n<\/div>\n\n\r\n<div id=\"content-text-block-block_4faad3a7141d65f686d63bab5a65f006\" class=\"block-content-text-block\">\r\n    <p><p><span style=\"text-decoration: underline\"><strong>CONTENTS<\/strong><\/span><\/p>\n<ol>\n<li class=\"p1\"><a href=\"https:\/\/inv.si\/wp-content\/uploads\/2026\/02\/Raznolikost_II_1.pdf\"><span class=\"s1\">Mitja \u017dagar &#8211; <\/span>Odprt vklju\u010dujo\u010d javni dialog: pristop, orodje, ideologija in cilj<\/a><\/li>\n<li class=\"p1\"><a href=\"https:\/\/inv.si\/wp-content\/uploads\/2026\/02\/Raznolikost_II_2.pdf\"><span class=\"s1\">Miran Komac &#8211; <\/span>Razli\u010dni modeli integracije narodnih manj\u0161in<\/a><\/li>\n<li class=\"p1\"><a href=\"https:\/\/inv.si\/wp-content\/uploads\/2026\/02\/Raznolikost_II_3.pdf\"><span class=\"s1\">Damir Josipovi\u010d &#8211; <\/span>Severne meje ju\u017enega slovanstva in geostrate\u0161ki pomen prekmurskega meji\u0161\u010da: zakaj je bila pridobitev Prekmurja usodna za nastanek dana\u0161nje Slovenije?<\/a><\/li>\n<li class=\"p1\"><a href=\"https:\/\/inv.si\/wp-content\/uploads\/2026\/02\/Raznolikost_II_4.pdf\"><span class=\"s1\">Attila Kov\u00e1cs &#8211; <\/span>Jezikovno-etni\u010dna podoba Prekmurja v lu\u010di ogrskega popisa prebivalstva leta 1910 in jugoslovanskega\/slovenskega ljudskega \u0161tetja leta 1921<\/a><\/li>\n<li class=\"p1\"><a href=\"https:\/\/inv.si\/wp-content\/uploads\/2026\/02\/Raznolikost_II_5.pdf\"><span class=\"s1\">L\u00e1szl\u00f3 G\u00f6ncz &#8211; <\/span>Zna\u010dilnosti oblikovanja narodne identitete prebivalstva na obmo\u010dju Prekmurja od leta 1867 do sredine dvajsetega stoletja<\/a><\/li>\n<li class=\"p3\"><a href=\"https:\/\/inv.si\/wp-content\/uploads\/2026\/02\/Raznolikost_II_6.pdf\">Mojca Medve\u0161ek, Romana Be\u0161ter, Janez Pirc &#8211; Razvoj integracijskih programov za priseljence v Sloveniji<\/a><\/li>\n<li class=\"p3\"><a href=\"https:\/\/inv.si\/wp-content\/uploads\/2026\/02\/Raznolikost_II_7.pdf\">Janez Pirc, Romana Be\u0161ter, Mojca Medve\u0161ek &#8211; Stanovanjsko podro\u010dje v Sloveniji za priseljence in njihove potomce: pravna ureditev in izbrani kazalniki v praksi<\/a><\/li>\n<li class=\"p3\"><a href=\"https:\/\/inv.si\/wp-content\/uploads\/2026\/02\/Raznolikost_II_8.pdf\">Romana Be\u0161ter, Mojca Medve\u0161ek, Janez Pirc &#8211; Polo\u017eaj priseljencev na podro\u010dju zdravja in zdravstvenega varstva v Sloveniji<\/a><\/li>\n<li class=\"p1\"><a href=\"https:\/\/inv.si\/wp-content\/uploads\/2026\/02\/Raznolikost_II_9.pdf\"><span class=\"s1\">Katalin Munda Hirn\u00f6k &#8211; <\/span>Jezikovna krajina Slovenskega Porabja<\/a><\/li>\n<li class=\"p1\"><a href=\"https:\/\/inv.si\/wp-content\/uploads\/2026\/02\/Raznolikost_II_10.pdf\"><span class=\"s1\">Barbara Riman &#8211; <\/span>(Izgubljene) Slovenke na Hrva\u0161kem<\/a><\/li>\n<li class=\"p1\"><a href=\"https:\/\/inv.si\/wp-content\/uploads\/2026\/02\/Raznolikost_II_11.pdf\"><span class=\"s1\">Marija Juri\u0107 Pahor &#8211; <\/span>Nacionalni imaginariji v kontekstu bojev za \u00bbseverno slovensko mejo\u00ab 1918\u20131920: ob stoletnici koro\u0161kega plebiscita<\/a><\/li>\n<li class=\"p1\"><a href=\"https:\/\/inv.si\/wp-content\/uploads\/2026\/02\/Raznolikost_II_12.pdf\"><span class=\"s1\">Danijel Grafenauer &#8211; <\/span>Projekt Mirovna regija Alpe-Jadran (MRAJ) \u2013 model, kako prese\u010di zgodovinske travme ter ideolo\u0161ke in politi\u010dne razlike?<\/a><\/li>\n<li class=\"p1\"><a href=\"https:\/\/inv.si\/wp-content\/uploads\/2026\/02\/Raznolikost_II_13.pdf\"><span class=\"s1\">Sonja Novak Lukanovi\u0107 &#8211; <\/span>Dodatek za dvojezi\u010dnost v javnih ustanovah na narodnostno me\u0161anih obmo\u010djih v Sloveniji<\/a><\/li>\n<li class=\"p1\"><a href=\"https:\/\/inv.si\/wp-content\/uploads\/2026\/02\/Raznolikost_II_14.pdf\"><span class=\"s1\">Sabina Zor\u010di\u010d &#8211; <\/span>Pregled raziskovanja na In\u0161titutu za narodnostna vpra\u0161anja v zadnjih tridesetih letih<\/a><\/li>\n<\/ol>\n<\/p>\r\n<\/div>","protected":false},"excerpt":{"rendered":"<p>The monograph Raznolikost v raziskovanju etni\u010dnosti: izbrani pogledi II presents the findings of current research work by researchers at the Institute for Ethnic Studies.<\/p>\n","protected":false},"featured_media":1662,"template":"","categories":[],"class_list":["post-7917","publications","type-publications","status-publish","has-post-thumbnail","hentry"],"acf":[],"_links":{"self":[{"href":"https:\/\/inv.si\/en\/wp-json\/wp\/v2\/publications\/7917","targetHints":{"allow":["GET"]}}],"collection":[{"href":"https:\/\/inv.si\/en\/wp-json\/wp\/v2\/publications"}],"about":[{"href":"https:\/\/inv.si\/en\/wp-json\/wp\/v2\/types\/publications"}],"wp:featuredmedia":[{"embeddable":true,"href":"https:\/\/inv.si\/en\/wp-json\/wp\/v2\/media\/1662"}],"wp:attachment":[{"href":"https:\/\/inv.si\/en\/wp-json\/wp\/v2\/media?parent=7917"}],"wp:term":[{"taxonomy":"category","embeddable":true,"href":"https:\/\/inv.si\/en\/wp-json\/wp\/v2\/categories?post=7917"}],"curies":[{"name":"wp","href":"https:\/\/api.w.org\/{rel}","templated":true}]}}

Raznolikost v raziskovanju etničnosti: izbrani pogledi II

<div id="content-text-block-block_1b87d1cb9d8af67298c3d2dff43f2f7c" class="block-content-text-block">
    <p><p style="text-align: justify">The year 2020 marked several important anniversaries. A hundred years have passed since the signing of the Treaty of Trianon, which gave Prekmurje to Slovenia, since the Carinthian plebiscite, which kept the Carinthian Slovenes in Austria, since the Treaty of Rapallo, which gave a third of Slovenian national territory to Italy until the end of World War II, and the burning of the National Hall in Trieste.<br />
Seventy-five years have passed since the end of World War II and sixty-five years since the signing of the State Treaty on the Reestablishment of an Independent and Democratic Austria, or the Austrian State Treaty (ADP), which is of great importance to Slovenia, as, among other things, it provides the international legal basis for guaranteeing the rights of the Slovenian national community in the federal states of Carinthia and Styria.</p>
<p style="text-align: justify">We are also celebrating the 30th anniversary of the proclamation of three constitutional amendments, which represented a new step towards the independence of the Republic of Slovenia. These events in the more or less distant past, which marked the development of the Republic of Slovenia and helped shape the cultural, ethnic and linguistic identity of its inhabitants and members of the Slovenian national community living in neighboring countries, define the topics that the Institute for Ethnic Studies deals with in its scientific research.</p>
<p style="text-align: right"><strong>-Editors</strong></p>
</p>
</div>


<div id="content-text-block-block_4faad3a7141d65f686d63bab5a65f006" class="block-content-text-block">
    <p><p><span style="text-decoration: underline"><strong>CONTENTS</strong></span></p>
<ol>
<li class="p1"><a href="https://inv.si/wp-content/uploads/2026/02/Raznolikost_II_1.pdf"><span class="s1">Mitja Žagar &#8211; </span>Odprt vključujoč javni dialog: pristop, orodje, ideologija in cilj</a></li>
<li class="p1"><a href="https://inv.si/wp-content/uploads/2026/02/Raznolikost_II_2.pdf"><span class="s1">Miran Komac &#8211; </span>Različni modeli integracije narodnih manjšin</a></li>
<li class="p1"><a href="https://inv.si/wp-content/uploads/2026/02/Raznolikost_II_3.pdf"><span class="s1">Damir Josipovič &#8211; </span>Severne meje južnega slovanstva in geostrateški pomen prekmurskega mejišča: zakaj je bila pridobitev Prekmurja usodna za nastanek današnje Slovenije?</a></li>
<li class="p1"><a href="https://inv.si/wp-content/uploads/2026/02/Raznolikost_II_4.pdf"><span class="s1">Attila Kovács &#8211; </span>Jezikovno-etnična podoba Prekmurja v luči ogrskega popisa prebivalstva leta 1910 in jugoslovanskega/slovenskega ljudskega štetja leta 1921</a></li>
<li class="p1"><a href="https://inv.si/wp-content/uploads/2026/02/Raznolikost_II_5.pdf"><span class="s1">László Göncz &#8211; </span>Značilnosti oblikovanja narodne identitete prebivalstva na območju Prekmurja od leta 1867 do sredine dvajsetega stoletja</a></li>
<li class="p3"><a href="https://inv.si/wp-content/uploads/2026/02/Raznolikost_II_6.pdf">Mojca Medvešek, Romana Bešter, Janez Pirc &#8211; Razvoj integracijskih programov za priseljence v Sloveniji</a></li>
<li class="p3"><a href="https://inv.si/wp-content/uploads/2026/02/Raznolikost_II_7.pdf">Janez Pirc, Romana Bešter, Mojca Medvešek &#8211; Stanovanjsko področje v Sloveniji za priseljence in njihove potomce: pravna ureditev in izbrani kazalniki v praksi</a></li>
<li class="p3"><a href="https://inv.si/wp-content/uploads/2026/02/Raznolikost_II_8.pdf">Romana Bešter, Mojca Medvešek, Janez Pirc &#8211; Položaj priseljencev na področju zdravja in zdravstvenega varstva v Sloveniji</a></li>
<li class="p1"><a href="https://inv.si/wp-content/uploads/2026/02/Raznolikost_II_9.pdf"><span class="s1">Katalin Munda Hirnök &#8211; </span>Jezikovna krajina Slovenskega Porabja</a></li>
<li class="p1"><a href="https://inv.si/wp-content/uploads/2026/02/Raznolikost_II_10.pdf"><span class="s1">Barbara Riman &#8211; </span>(Izgubljene) Slovenke na Hrvaškem</a></li>
<li class="p1"><a href="https://inv.si/wp-content/uploads/2026/02/Raznolikost_II_11.pdf"><span class="s1">Marija Jurić Pahor &#8211; </span>Nacionalni imaginariji v kontekstu bojev za »severno slovensko mejo« 1918–1920: ob stoletnici koroškega plebiscita</a></li>
<li class="p1"><a href="https://inv.si/wp-content/uploads/2026/02/Raznolikost_II_12.pdf"><span class="s1">Danijel Grafenauer &#8211; </span>Projekt Mirovna regija Alpe-Jadran (MRAJ) – model, kako preseči zgodovinske travme ter ideološke in politične razlike?</a></li>
<li class="p1"><a href="https://inv.si/wp-content/uploads/2026/02/Raznolikost_II_13.pdf"><span class="s1">Sonja Novak Lukanović &#8211; </span>Dodatek za dvojezičnost v javnih ustanovah na narodnostno mešanih območjih v Sloveniji</a></li>
<li class="p1"><a href="https://inv.si/wp-content/uploads/2026/02/Raznolikost_II_14.pdf"><span class="s1">Sabina Zorčič &#8211; </span>Pregled raziskovanja na Inštitutu za narodnostna vprašanja v zadnjih tridesetih letih</a></li>
</ol>
</p>
</div>

<p>The monograph Raznolikost v raziskovanju etničnosti: izbrani pogledi II presents the findings of current research work by researchers at the Institute for Ethnic Studies.</p>
