{"id":7976,"date":"2016-02-12T14:22:00","date_gmt":"2016-02-12T14:22:00","guid":{"rendered":"https:\/\/inv.si\/publications\/kam-gremo-prijatelj-v-svet-slovenija-in-madzasrki-begunci-v-letih-1956-in-1957-hova-megyunk-bajtarsak-vilagnak-szlovenia-es-az-56-os-magyar-menekultek\/"},"modified":"2026-03-06T09:11:38","modified_gmt":"2026-03-06T09:11:38","slug":"kam-gremo-prijatelj-v-svet-slovenija-in-madzasrki-begunci-v-letih-1956-in-1957-hova-megyunk-bajtarsak-vilagnak-szlovenia-es-az-56-os-magyar-menekultek","status":"publish","type":"publications","link":"https:\/\/inv.si\/en\/publications\/kam-gremo-prijatelj-v-svet-slovenija-in-madzasrki-begunci-v-letih-1956-in-1957-hova-megyunk-bajtarsak-vilagnak-szlovenia-es-az-56-os-magyar-menekultek\/","title":{"rendered":"Kam gremo, prijatelj? V svet! Slovenija in mad\u017easrki begunci v letih 1956 in 1957 \/ Hova megy\u00fcnk, bajt\u00e1rsak? &#8211; Vil\u00e1gnak! : Szlov\u00e9nia \u00e9s az &#8217;56-os magyar menek\u00fcltek"},"content":{"rendered":"\r\n<div id=\"content-text-block-block_6e910553038078b518e033ad929dc54b\" class=\"block-content-text-block\">\r\n    <p><p style=\"text-align: justify\">On the 50th anniversary of the Hungarian Revolution of 1956, the Hungarian Embassy in Slovenia organized a conference in Ljubljana on September 19, 2006, at which numerous Slovenian and Hungarian historians presented the Hungarian Revolution and its repercussions in Slovenia. The following year, members of the Hungarian community in Slovenia also paid tribute to the memory of the 1956 revolution with the publication of the aforementioned lectures, supplemented and edited, several studies of local (Prekmurje and Zala) significance, and literary contributions in the magazine <em>Murat\u00e1j<\/em>. It should be noted that between 2006 and 2008, research was conducted in coordination with the Ljubljana-based Institute for Ethnic Studies on the repercussions of the 1956 Hungarian Revolution in Slovenia and Yugoslavia, Hungarian-Yugoslav relations, and the Hungarian refugee issue in Slovenia in 1956. Hungarian-Yugoslav contacts and the Hungarian refugee issue in Slovenia in 1956. The results of the research were published in various, mainly Slovenian, professional journals.<\/p>\n<p style=\"text-align: right\">\n<strong>-Editor<\/strong><\/p>\n<\/p>\r\n<\/div>","protected":false},"excerpt":{"rendered":"","protected":false},"featured_media":3488,"template":"","categories":[],"class_list":["post-7976","publications","type-publications","status-publish","has-post-thumbnail","hentry"],"acf":[],"_links":{"self":[{"href":"https:\/\/inv.si\/en\/wp-json\/wp\/v2\/publications\/7976","targetHints":{"allow":["GET"]}}],"collection":[{"href":"https:\/\/inv.si\/en\/wp-json\/wp\/v2\/publications"}],"about":[{"href":"https:\/\/inv.si\/en\/wp-json\/wp\/v2\/types\/publications"}],"wp:featuredmedia":[{"embeddable":true,"href":"https:\/\/inv.si\/en\/wp-json\/wp\/v2\/media\/3488"}],"wp:attachment":[{"href":"https:\/\/inv.si\/en\/wp-json\/wp\/v2\/media?parent=7976"}],"wp:term":[{"taxonomy":"category","embeddable":true,"href":"https:\/\/inv.si\/en\/wp-json\/wp\/v2\/categories?post=7976"}],"curies":[{"name":"wp","href":"https:\/\/api.w.org\/{rel}","templated":true}]}}

Kam gremo, prijatelj? V svet! Slovenija in madžasrki begunci v letih 1956 in 1957 / Hova megyünk, bajtársak? &#8211; Világnak! : Szlovénia és az &#8217;56-os magyar menekültek

<div id="content-text-block-block_6e910553038078b518e033ad929dc54b" class="block-content-text-block">
    <p><p style="text-align: justify">On the 50th anniversary of the Hungarian Revolution of 1956, the Hungarian Embassy in Slovenia organized a conference in Ljubljana on September 19, 2006, at which numerous Slovenian and Hungarian historians presented the Hungarian Revolution and its repercussions in Slovenia. The following year, members of the Hungarian community in Slovenia also paid tribute to the memory of the 1956 revolution with the publication of the aforementioned lectures, supplemented and edited, several studies of local (Prekmurje and Zala) significance, and literary contributions in the magazine <em>Muratáj</em>. It should be noted that between 2006 and 2008, research was conducted in coordination with the Ljubljana-based Institute for Ethnic Studies on the repercussions of the 1956 Hungarian Revolution in Slovenia and Yugoslavia, Hungarian-Yugoslav relations, and the Hungarian refugee issue in Slovenia in 1956. Hungarian-Yugoslav contacts and the Hungarian refugee issue in Slovenia in 1956. The results of the research were published in various, mainly Slovenian, professional journals.</p>
<p style="text-align: right">
<strong>-Editor</strong></p>
</p>
</div>
