{"id":7981,"date":"2016-02-12T13:37:00","date_gmt":"2016-02-12T13:37:00","guid":{"rendered":"https:\/\/inv.si\/publications\/raznolikost-v-raziskovanju-etnicnosti-izbrani-pogledi\/"},"modified":"2026-03-06T09:11:38","modified_gmt":"2026-03-06T09:11:38","slug":"raznolikost-v-raziskovanju-etnicnosti-izbrani-pogledi","status":"publish","type":"publications","link":"https:\/\/inv.si\/en\/publications\/raznolikost-v-raziskovanju-etnicnosti-izbrani-pogledi\/","title":{"rendered":"Raznolikost v raziskovanju etni\u010dnosti: izbrani pogledi"},"content":{"rendered":"\r\n<div id=\"content-text-block-block_584e89e55bb4f6e71a41b9fd04ef2fed\" class=\"block-content-text-block\">\r\n    <p><p style=\"text-align: justify\">The venerable 90th anniversary of the Institute for Ethnic Studies in Ljubljana is a time and an opportunity to assess the past work of this research institution, which was founded in 1925 under the name Minority Institute. Its establishment was a response to the consequences of the First World War and the need to set up an independent organization for the systematic scientific research of minority and ethnic issues in the Slovenian ethnic territory. The social need and urgency to research ethnic dimensions and related minority rights as part of universal human rights represent the path that the research orientations at the Institute for Ethnic Studies and all its predecessors have pursued and implemented. Research, analysis, interpretation, understanding, respect, and consideration of ethnicity are the words that define the modus operandi and indicate the distinctly multidisciplinary and interdisciplinary nature of the Institute&#8217;s work.<\/p>\n<p style=\"text-align: right\"><strong>-Editorial Board<\/strong><\/p>\n<\/p>\r\n<\/div>\n\n\r\n<div id=\"content-text-block-block_a9223638399d2a9ea02838f9c148d744\" class=\"block-content-text-block\">\r\n    <p><p><span style=\"text-decoration: underline\"><strong>Contents:<\/strong><\/span><\/p>\n<ol>\n<li><a href=\"https:\/\/inv.si\/wp-content\/uploads\/2026\/02\/Raznolikost_I_Skupna-8-31.pdf\">Sara Brezigar: Model za celovito oceno stanja in razvojnih perspektiv narodnih manj\u0161in ter njegova aplikacija na slovensko narodno manj\u0161ino v Italiji<\/a><\/li>\n<li><a href=\"https:\/\/inv.si\/wp-content\/uploads\/2026\/02\/Raznolikost_I_Skupna-32-49.pdf\">Danijel Grafenauer: Trije primeri poskusov internacionalizacije \u00bbkoro\u0161kega vpra\u0161anja\u00ab po drugi svetovni vojni<\/a><\/li>\n<li><a href=\"https:\/\/inv.si\/wp-content\/uploads\/2026\/02\/Raznolikost_I_Skupna-50-73.pdf\">Damir Josipovi\u010d: Slovensko mad\u017earska razmejitev: od upravno-cerkvenih meja do dr\u017eavne meje in \u00bbizolata kalvinov\u00ab<\/a><\/li>\n<li><a href=\"https:\/\/inv.si\/wp-content\/uploads\/2026\/02\/Raznolikost_I_Skupna-74-99.pdf\">Miran Komac: Priseljenci: ve\u010dni tujek ali konstitutivni del slovenske dr\u017eave<\/a><\/li>\n<li><a href=\"https:\/\/inv.si\/wp-content\/uploads\/2026\/02\/Raznolikost_I_Skupna-100-119.pdf\">Attila Kov\u00e1cs: Demografsko praznjenje obmejnega, narodnostno me\u0161anega obmo\u010dja v Prekmurju v dvajsetem stoletju \u2013 primer dvojezi\u010dnih naselij v ob\u010dini Moravske Toplice<\/a><\/li>\n<li><a href=\"https:\/\/inv.si\/wp-content\/uploads\/2026\/02\/Raznolikost_I_Skupna-120-141.pdf\">Samo Kristen: Nekatere zna\u010dilnosti pravnega varstva manj\u0161in v Dr\u017eavi SHS, Kraljevini SHS in Kraljevini Jugoslaviji (1918\u20131941)<\/a><\/li>\n<li><a href=\"https:\/\/inv.si\/wp-content\/uploads\/2026\/02\/Raznolikost_I_Skupna-142-167.pdf\">Vera Kr\u017ei\u0161nik &#8211; Buki\u0107: Sodobno slovensko narodotvorje in primer slovenskega manj\u0161inskega konteksta na Hrva\u0161kem<\/a><\/li>\n<li><a href=\"https:\/\/inv.si\/wp-content\/uploads\/2026\/02\/Raznolikost_I_Skupna-168-191.pdf\">Mojca Medve\u0161ek in Romana Be\u0161ter: Institucionalna dvojezi\u010dnost v Prekmurju<\/a><\/li>\n<li><a href=\"https:\/\/inv.si\/wp-content\/uploads\/2026\/02\/Raznolikost_I_Skupna-192-219.pdf\">Katalin Munda Hirn\u00f6k in Sonja Novak Lukanovi\u010d: Sloven\u0161\u010dina v Porabju: stopnja vitalnosti<\/a><\/li>\n<li><a href=\"https:\/\/inv.si\/wp-content\/uploads\/2026\/02\/Raznolikost_I_Skupna-220-243.pdf\">Sonja Novak Lukanovi\u010d: Jezik in ekonomska vrednost v ve\u010dkulturnih okoljih<\/a><\/li>\n<li><a href=\"https:\/\/inv.si\/wp-content\/uploads\/2026\/02\/Raznolikost_I_Skupna-244-265.pdf\">Janez Pirc: Izbrane sodobne demografske in poselitvene dinamike romskega prebivalstva v Sloveniji<\/a><\/li>\n<li><a href=\"https:\/\/inv.si\/wp-content\/uploads\/2026\/02\/Raznolikost_I_Skupna-266-285.pdf\">Barbara Riman: 130 let slovenskega zdru\u017eevanja na Hrva\u0161kem<\/a><\/li>\n<li><a href=\"https:\/\/inv.si\/wp-content\/uploads\/2026\/02\/Raznolikost_I_Skupna-286-307.pdf\">Mitja \u017dagar: Upravljanje razli\u010dnosti in integracija: od idej do konceptov<\/a><\/li>\n<\/ol>\n<\/p>\r\n<\/div>","protected":false},"excerpt":{"rendered":"","protected":false},"featured_media":3477,"template":"","categories":[],"class_list":["post-7981","publications","type-publications","status-publish","has-post-thumbnail","hentry"],"acf":[],"_links":{"self":[{"href":"https:\/\/inv.si\/en\/wp-json\/wp\/v2\/publications\/7981","targetHints":{"allow":["GET"]}}],"collection":[{"href":"https:\/\/inv.si\/en\/wp-json\/wp\/v2\/publications"}],"about":[{"href":"https:\/\/inv.si\/en\/wp-json\/wp\/v2\/types\/publications"}],"wp:featuredmedia":[{"embeddable":true,"href":"https:\/\/inv.si\/en\/wp-json\/wp\/v2\/media\/3477"}],"wp:attachment":[{"href":"https:\/\/inv.si\/en\/wp-json\/wp\/v2\/media?parent=7981"}],"wp:term":[{"taxonomy":"category","embeddable":true,"href":"https:\/\/inv.si\/en\/wp-json\/wp\/v2\/categories?post=7981"}],"curies":[{"name":"wp","href":"https:\/\/api.w.org\/{rel}","templated":true}]}}

Raznolikost v raziskovanju etničnosti: izbrani pogledi

<div id="content-text-block-block_584e89e55bb4f6e71a41b9fd04ef2fed" class="block-content-text-block">
    <p><p style="text-align: justify">The venerable 90th anniversary of the Institute for Ethnic Studies in Ljubljana is a time and an opportunity to assess the past work of this research institution, which was founded in 1925 under the name Minority Institute. Its establishment was a response to the consequences of the First World War and the need to set up an independent organization for the systematic scientific research of minority and ethnic issues in the Slovenian ethnic territory. The social need and urgency to research ethnic dimensions and related minority rights as part of universal human rights represent the path that the research orientations at the Institute for Ethnic Studies and all its predecessors have pursued and implemented. Research, analysis, interpretation, understanding, respect, and consideration of ethnicity are the words that define the modus operandi and indicate the distinctly multidisciplinary and interdisciplinary nature of the Institute&#8217;s work.</p>
<p style="text-align: right"><strong>-Editorial Board</strong></p>
</p>
</div>


<div id="content-text-block-block_a9223638399d2a9ea02838f9c148d744" class="block-content-text-block">
    <p><p><span style="text-decoration: underline"><strong>Contents:</strong></span></p>
<ol>
<li><a href="https://inv.si/wp-content/uploads/2026/02/Raznolikost_I_Skupna-8-31.pdf">Sara Brezigar: Model za celovito oceno stanja in razvojnih perspektiv narodnih manjšin ter njegova aplikacija na slovensko narodno manjšino v Italiji</a></li>
<li><a href="https://inv.si/wp-content/uploads/2026/02/Raznolikost_I_Skupna-32-49.pdf">Danijel Grafenauer: Trije primeri poskusov internacionalizacije »koroškega vprašanja« po drugi svetovni vojni</a></li>
<li><a href="https://inv.si/wp-content/uploads/2026/02/Raznolikost_I_Skupna-50-73.pdf">Damir Josipovič: Slovensko madžarska razmejitev: od upravno-cerkvenih meja do državne meje in »izolata kalvinov«</a></li>
<li><a href="https://inv.si/wp-content/uploads/2026/02/Raznolikost_I_Skupna-74-99.pdf">Miran Komac: Priseljenci: večni tujek ali konstitutivni del slovenske države</a></li>
<li><a href="https://inv.si/wp-content/uploads/2026/02/Raznolikost_I_Skupna-100-119.pdf">Attila Kovács: Demografsko praznjenje obmejnega, narodnostno mešanega območja v Prekmurju v dvajsetem stoletju – primer dvojezičnih naselij v občini Moravske Toplice</a></li>
<li><a href="https://inv.si/wp-content/uploads/2026/02/Raznolikost_I_Skupna-120-141.pdf">Samo Kristen: Nekatere značilnosti pravnega varstva manjšin v Državi SHS, Kraljevini SHS in Kraljevini Jugoslaviji (1918–1941)</a></li>
<li><a href="https://inv.si/wp-content/uploads/2026/02/Raznolikost_I_Skupna-142-167.pdf">Vera Kržišnik &#8211; Bukić: Sodobno slovensko narodotvorje in primer slovenskega manjšinskega konteksta na Hrvaškem</a></li>
<li><a href="https://inv.si/wp-content/uploads/2026/02/Raznolikost_I_Skupna-168-191.pdf">Mojca Medvešek in Romana Bešter: Institucionalna dvojezičnost v Prekmurju</a></li>
<li><a href="https://inv.si/wp-content/uploads/2026/02/Raznolikost_I_Skupna-192-219.pdf">Katalin Munda Hirnök in Sonja Novak Lukanovič: Slovenščina v Porabju: stopnja vitalnosti</a></li>
<li><a href="https://inv.si/wp-content/uploads/2026/02/Raznolikost_I_Skupna-220-243.pdf">Sonja Novak Lukanovič: Jezik in ekonomska vrednost v večkulturnih okoljih</a></li>
<li><a href="https://inv.si/wp-content/uploads/2026/02/Raznolikost_I_Skupna-244-265.pdf">Janez Pirc: Izbrane sodobne demografske in poselitvene dinamike romskega prebivalstva v Sloveniji</a></li>
<li><a href="https://inv.si/wp-content/uploads/2026/02/Raznolikost_I_Skupna-266-285.pdf">Barbara Riman: 130 let slovenskega združevanja na Hrvaškem</a></li>
<li><a href="https://inv.si/wp-content/uploads/2026/02/Raznolikost_I_Skupna-286-307.pdf">Mitja Žagar: Upravljanje različnosti in integracija: od idej do konceptov</a></li>
</ol>
</p>
</div>
