{"id":8036,"date":"2014-01-01T12:25:00","date_gmt":"2014-01-01T12:25:00","guid":{"rendered":"https:\/\/inv.si\/publications\/zgodovinski-politoloski-pravni-in-kulturoloski-okvir-za-definicijo-narodne-manjsine-v-republiki-sloveniji\/"},"modified":"2026-03-06T09:11:15","modified_gmt":"2026-03-06T09:11:15","slug":"zgodovinski-politoloski-pravni-in-kulturoloski-okvir-za-definicijo-narodne-manjsine-v-republiki-sloveniji","status":"publish","type":"publications","link":"https:\/\/inv.si\/en\/publications\/zgodovinski-politoloski-pravni-in-kulturoloski-okvir-za-definicijo-narodne-manjsine-v-republiki-sloveniji\/","title":{"rendered":"Zgodovinski, politolo\u0161ki, pravni in kulturolo\u0161ki okvir za definicijo narodne manj\u0161ine v Republiki Sloveniji"},"content":{"rendered":"\r\n<div id=\"content-text-block-block_ae803e944cc2554f079f9a8ecc3668bb\" class=\"block-content-text-block\">\r\n    <p><p><b>Topics: <\/b>minority rights | minority protection | human rights<br \/>\n<b>COBISS.SI-ID: <\/b>274476800<\/p>\n<p style=\"text-align: justify\">With its diverse perspectives, this book makes an important contribution to our understanding of the history of the search for international consensus on the legal definition of a national minority and to our understanding of the importance of formulating not only an internationally legally valid definition of this concept, but also a Slovenian &#8230;<\/p>\n<p style=\"font-weight: bold;text-align: right\">From a review by Dr. Janja \u017ditnik Serafin<\/p>\n<\/p>\r\n<\/div>","protected":false},"excerpt":{"rendered":"","protected":false},"featured_media":2422,"template":"","categories":[],"class_list":["post-8036","publications","type-publications","status-publish","has-post-thumbnail","hentry"],"acf":[],"_links":{"self":[{"href":"https:\/\/inv.si\/en\/wp-json\/wp\/v2\/publications\/8036","targetHints":{"allow":["GET"]}}],"collection":[{"href":"https:\/\/inv.si\/en\/wp-json\/wp\/v2\/publications"}],"about":[{"href":"https:\/\/inv.si\/en\/wp-json\/wp\/v2\/types\/publications"}],"wp:featuredmedia":[{"embeddable":true,"href":"https:\/\/inv.si\/en\/wp-json\/wp\/v2\/media\/2422"}],"wp:attachment":[{"href":"https:\/\/inv.si\/en\/wp-json\/wp\/v2\/media?parent=8036"}],"wp:term":[{"taxonomy":"category","embeddable":true,"href":"https:\/\/inv.si\/en\/wp-json\/wp\/v2\/categories?post=8036"}],"curies":[{"name":"wp","href":"https:\/\/api.w.org\/{rel}","templated":true}]}}

Zgodovinski, politološki, pravni in kulturološki okvir za definicijo narodne manjšine v Republiki Sloveniji

<div id="content-text-block-block_ae803e944cc2554f079f9a8ecc3668bb" class="block-content-text-block">
    <p><p><b>Topics: </b>minority rights | minority protection | human rights<br />
<b>COBISS.SI-ID: </b>274476800</p>
<p style="text-align: justify">With its diverse perspectives, this book makes an important contribution to our understanding of the history of the search for international consensus on the legal definition of a national minority and to our understanding of the importance of formulating not only an internationally legally valid definition of this concept, but also a Slovenian &#8230;</p>
<p style="font-weight: bold;text-align: right">From a review by Dr. Janja Žitnik Serafin</p>
</p>
</div>
