{"id":8083,"date":"1994-02-25T14:11:00","date_gmt":"1994-02-25T14:11:00","guid":{"rendered":"https:\/\/inv.si\/publications\/manjsine-v-prostoru-alpe-jadran-zbornik-referatov-minderheiten-im-alpen-adria-raum-konferenzbericht-manjine-na-podrucju-alpe-jadrana-zbornik-referata-le-minoranze-nellarea-di-alpe-adria\/"},"modified":"2026-03-06T09:10:44","modified_gmt":"2026-03-06T09:10:44","slug":"manjsine-v-prostoru-alpe-jadran-zbornik-referatov-minderheiten-im-alpen-adria-raum-konferenzbericht-manjine-na-podrucju-alpe-jadrana-zbornik-referata-le-minoranze-nellarea-di-alpe-adria","status":"publish","type":"publications","link":"https:\/\/inv.si\/en\/publications\/manjsine-v-prostoru-alpe-jadran-zbornik-referatov-minderheiten-im-alpen-adria-raum-konferenzbericht-manjine-na-podrucju-alpe-jadrana-zbornik-referata-le-minoranze-nellarea-di-alpe-adria\/","title":{"rendered":"Manj\u0161ine v prostoru Alpe-Jadran: zbornik referatov = Minderheiten im Alpen Adria-Raum = Konferenzbericht = Manjine na podru\u010dju Alpe-Jadrana = zbornik referata = Le minoranze nell&#8217;area di Alpe-Adria = atti di convegno = Kisebbs\u00e9gek az Alpok-Adria T\u00e9rs\u00e9gben = felsz\u00f3lal\u00e1sok gy\u0171jtem\u00e9nye, Bled, 21. &#8211; 22. 10. 1993"},"content":{"rendered":"","protected":false},"excerpt":{"rendered":"","protected":false},"featured_media":8803,"template":"","categories":[],"class_list":["post-8083","publications","type-publications","status-publish","has-post-thumbnail","hentry"],"acf":[],"_links":{"self":[{"href":"https:\/\/inv.si\/en\/wp-json\/wp\/v2\/publications\/8083","targetHints":{"allow":["GET"]}}],"collection":[{"href":"https:\/\/inv.si\/en\/wp-json\/wp\/v2\/publications"}],"about":[{"href":"https:\/\/inv.si\/en\/wp-json\/wp\/v2\/types\/publications"}],"wp:featuredmedia":[{"embeddable":true,"href":"https:\/\/inv.si\/en\/wp-json\/wp\/v2\/media\/8803"}],"wp:attachment":[{"href":"https:\/\/inv.si\/en\/wp-json\/wp\/v2\/media?parent=8083"}],"wp:term":[{"taxonomy":"category","embeddable":true,"href":"https:\/\/inv.si\/en\/wp-json\/wp\/v2\/categories?post=8083"}],"curies":[{"name":"wp","href":"https:\/\/api.w.org\/{rel}","templated":true}]}}

Manjšine v prostoru Alpe-Jadran: zbornik referatov = Minderheiten im Alpen Adria-Raum = Konferenzbericht = Manjine na području Alpe-Jadrana = zbornik referata = Le minoranze nell&#8217;area di Alpe-Adria = atti di convegno = Kisebbségek az Alpok-Adria Térségben = felszólalások gyűjteménye, Bled, 21. &#8211; 22. 10. 1993
