{"id":8810,"date":"2026-03-09T17:10:22","date_gmt":"2026-03-09T17:10:22","guid":{"rendered":"https:\/\/inv.si\/publications\/raznolikost-v-raziskovanju-etnicnosti-izbrani-pogledi-iv\/"},"modified":"2026-03-13T07:31:30","modified_gmt":"2026-03-13T07:31:30","slug":"raznolikost-v-raziskovanju-etnicnosti-izbrani-pogledi-iv","status":"publish","type":"publications","link":"https:\/\/inv.si\/en\/publications\/raznolikost-v-raziskovanju-etnicnosti-izbrani-pogledi-iv\/","title":{"rendered":"Raznolikost v raziskovanju etni\u010dnosti: izbrani pogledi IV"},"content":{"rendered":"\r\n<div id=\"content-text-block-block_43460946f80be3928b6c5eae892b2665\" class=\"block-content-text-block\">\r\n    <p><p><strong>SUBJECT:<\/strong> ethnicity | ethnic groups | immigrants | Slovenia<br \/>\n<strong>COBISS-ID:<\/strong> <a href=\"https:\/\/plus-legacy.cobiss.net\/cobiss\/si\/sl\/bib\/264592387\">264592387<\/a><\/p>\n<hr>\n<p style=\"text-align: justify\">With the publication of this monograph, the Institute for Ethnic Issues symbolically marks one hundred years of activity in the field of minority and ethnic studies. The book is placed in the research field of current issues related to minorities and ethnicity in Slovenia and in the wider regional and European space. The common thread of the contributions is the understanding of social diversity as a fundamental characteristic of modern societies and a critical analysis of the methods of its institutional regulation, political governance and everyday implementation.<\/p>\n<p>The authors of the contributions in the monograph discuss ethnic minorities, immigrants and their descendants within the framework of the welfare state, education, culture, media, politics and historical memory. The contributions range from analyses of integration policies, supplementary mother tongue lessons, the role of Roma assistants and cultural diplomacy to media representations, political participation and historical experiences of migration and minority policies in the 20th century. In doing so, they shed light on minority issues as a complex social process.<\/p>\n<p style=\"text-align: justify\">The monograph in the series <em>Raznolikost v raziskovanju etni\u010dnosti: izbrani pogledi<\/em> [Diversity in Ethnicity Research: Selected Perspectives] brings together fifteen contributions by researchers at the Institute for Ethnic Issues, as well as visiting and former colleagues. They present findings from their most recent work within the framework of various research projects, programs, and professional research assignments.<\/p>\n<\/p>\r\n<\/div>\n\n\r\n<div id=\"content-text-block-block_85a9d2f18f61bf759e54f01f78e58d97\" class=\"block-content-text-block\">\r\n    <p><p><span style=\"text-decoration: underline\"><strong>Content<\/strong><\/span><\/p>\n<ol>\n<li style=\"text-align: justify\"><a href=\"https:\/\/inv.si\/wp-content\/uploads\/2026\/02\/1.-Bester_Medvesek_Pirc-Priseljenci-v-sistemu-socialne-varnosti-v-Sloveniji-RAZNOLIKOST-IV.pdf\">Romana Be\u0161ter, Mojca Medve\u0161ek in Janez Pirc \u2013 Priseljenci v sistemu socialne varnosti v Sloveniji<\/a><\/li>\n<li style=\"text-align: justify\"><a href=\"https:\/\/inv.si\/wp-content\/uploads\/2026\/02\/2.-Robert-Devetak-Potek-odhoda-slovenskega-prebivalstva-v-begunstvo-RAZNOLIKOST-IV.pdf\">Robert Devetak \u2013 \u00bb\u2018Avanti via Italia!\u2018 se je \u010dulo povelje la\u0161kega \u010dastnika\u00ab: potek odhoda slovenskega prebivalstva v begunstvo z obmo\u010dij, ki jih je med prvo svetovno vojno zasedla Italija<\/a><\/li>\n<li style=\"text-align: justify\"><a href=\"https:\/\/inv.si\/wp-content\/uploads\/2026\/02\/3.-Barbara-Duvnjak-Tursic-in-Barbara-Riman-Pripadniki-slovenske-manjsine-na-Hrvaskem-RAZNOLIKOST-IV.pdf\">Barbara Duvnjak Tur\u0161i\u010d in Barbara Riman \u2013 Pripadniki slovenske manj\u0161ine na Hrva\u0161kem v spletnih razli\u010dicah slovenskih medijev (2015\u20132025)<\/a><\/li>\n<li style=\"text-align: justify\"><a href=\"https:\/\/inv.si\/wp-content\/uploads\/2026\/02\/4.-Ruzica-Jakesevic-Perceptions-of-MajorityOCoMinority-Relations-RAZNOLIKOST-IV.pdf\">Ru\u017eica Jake\u0161evi\u0107 \u2013 Perceptions of Majority\u2013Minority Relations, Integration and Social Inclusion: Croatia and Slovenia in Comparative Perspective<\/a><\/li>\n<li style=\"text-align: justify\"><a href=\"https:\/\/inv.si\/wp-content\/uploads\/2026\/02\/5.-Damir-Josipovic-Hrvati-na-ozemlju-danasnje-Slovenije-RAZNOLIKOST-IV.pdf\">Damir Josipovi\u010d \u2013 Hrvati na ozemlju dana\u0161nje Slovenije (1910\u20132002) \u2013 \u0161tevil\u010dni in prostorski razvoj tradicionalnega obmo\u010dja poselitve kot okvira za manj\u0161insko za\u0161\u010dito s poudarkom na analizi popisa 1910 in na poselitvi v obmejnem pasu<\/a><\/li>\n<li style=\"text-align: justify\"><a href=\"https:\/\/inv.si\/wp-content\/uploads\/2026\/02\/6.-Danijel-Grafenauer-in-Matjaz-Klemencic-Politicna-participacija-slovenskih-avtohtonih-manjsin-RAZNOLIKOST-IV.pdf\">Danijel Grafenauer in Matja\u017e Klemen\u010di\u010d \u2013 Politi\u010dna participacija slovenskih avtohtonih manj\u0161in in slovenskih izseljencev \u2013 \u0161tudija primerov koro\u0161kih Slovencev in slovenskih Ameri\u010danov po drugi svetovni vojni<\/a><\/li>\n<li style=\"text-align: justify\"><a href=\"https:\/\/inv.si\/wp-content\/uploads\/2026\/02\/7.-Mojca-Medvesek-Uresnicevanje-dopolnilnega-pouka-maternih-jezikov-RAZNOLIKOST-IV.pdf\">Mojca Medve\u0161ek \u2013 Uresni\u010devanje dopolnilnega pouka maternih jezikov in kultur: sistemski izzivi in perspektive star\u0161ev<\/a><\/li>\n<li style=\"text-align: justify\"><a href=\"https:\/\/inv.si\/wp-content\/uploads\/2026\/02\/8.Oskar-Mulej-Manjsinsko-vprasanje-RAZNOLIKOST-IV.pdf\">Oskar Mulej \u2013 Manj\u0161insko vpra\u0161anje, disimilacija in bistvo narodnosti: Josip Wilfan in vpra\u0161anje Judov v Nem\u010diji, 1933\u20131934<\/a><\/li>\n<li style=\"text-align: justify\"><a href=\"https:\/\/inv.si\/wp-content\/uploads\/2026\/02\/9.-Katalin-Munda-Hirnok-in-Sonja-Novak-Lukanovic-Mnenja-mladih-RAZNOLIKOST-IV.pdf\">Katalin Munda Hirn\u00f6k in Sonja Novak Lukanovi\u0107 \u2013 Mnenja mladih o pomenu narodnostne \u0161ole v Porabju<\/a><\/li>\n<li style=\"text-align: justify\"><a href=\"https:\/\/inv.si\/wp-content\/uploads\/2026\/02\/10.-Noemi-Nagy-To-Recognize-RAZNOLIKOST-IV.pdf\">No\u00e9mi Nagy \u2013 To Recognize or Not to Recognize? The Concept and Recognition of Minorities in Slovenia in Light of International Monitoring<\/a><\/li>\n<li style=\"text-align: justify\"><a href=\"https:\/\/inv.si\/wp-content\/uploads\/2026\/02\/11.-Janez-Pirc-in-Romana-Bester-Romski-pomocniki-v-slovenskih-RAZNOLIKOST-IV.pdf\">Janez Pirc in Romana Be\u0161ter \u2013 Romski pomo\u010dniki v slovenskih osnovnih \u0161olah: zgodovinski razvoj, vloga in pomen<\/a><\/li>\n<li style=\"text-align: justify\"><a href=\"https:\/\/inv.si\/wp-content\/uploads\/2026\/02\/12.-Lara-Sorgo-Maticna-domovina-RAZNOLIKOST-IV.pdf\">Lara Sorgo \u2013 Mati\u010dna domovina v o\u010deh mladih pripadnikov italijanske narodne skupnosti v Sloveniji<\/a><\/li>\n<li style=\"text-align: justify\"><a href=\"https:\/\/inv.si\/wp-content\/uploads\/2026\/02\/13.-Natko-Stiglic-Primerjalna-analiza-kulturne-RAZNOLIKOST-IV.pdf\">Natko \u0160tigli\u0107 \u2013 Primerjalna analiza kulturne diplomacije Republike Slovenije v sosednjih dr\u017eavah (2006\u20132023)<\/a><\/li>\n<li style=\"text-align: justify\"><a href=\"https:\/\/inv.si\/wp-content\/uploads\/2026\/02\/14.-Sabina-Zorcic-Izkusnje-in-mnenja-RAZNOLIKOST-IV.pdf\">Sabina Zor\u010di\u010d \u2013 Izku\u0161nje in mnenja star\u0161ev o pouku rom\u0161\u010dine in romske kulture<\/a><\/li>\n<li style=\"text-align: justify\"><a href=\"https:\/\/inv.si\/wp-content\/uploads\/2026\/02\/15.-Mitja-Zagar-O-pristopih-in-metodologiji-RAZNOLIKOST-IV.pdf\">Mitja \u017dagar \u2013 O pristopih in metodologiji raziskovanja kompleksnih dinami\u010dnih dru\u017ebenih pojavov, objektivnosti ter financiranju in evalvaciji raziskovanja in znanosti (znanstveni esej)<\/a><\/li>\n<\/ol>\n<\/p>\r\n<\/div>","protected":false},"excerpt":{"rendered":"","protected":false},"featured_media":8789,"template":"","categories":[],"class_list":["post-8810","publications","type-publications","status-publish","has-post-thumbnail","hentry"],"acf":[],"_links":{"self":[{"href":"https:\/\/inv.si\/en\/wp-json\/wp\/v2\/publications\/8810","targetHints":{"allow":["GET"]}}],"collection":[{"href":"https:\/\/inv.si\/en\/wp-json\/wp\/v2\/publications"}],"about":[{"href":"https:\/\/inv.si\/en\/wp-json\/wp\/v2\/types\/publications"}],"wp:featuredmedia":[{"embeddable":true,"href":"https:\/\/inv.si\/en\/wp-json\/wp\/v2\/media\/8789"}],"wp:attachment":[{"href":"https:\/\/inv.si\/en\/wp-json\/wp\/v2\/media?parent=8810"}],"wp:term":[{"taxonomy":"category","embeddable":true,"href":"https:\/\/inv.si\/en\/wp-json\/wp\/v2\/categories?post=8810"}],"curies":[{"name":"wp","href":"https:\/\/api.w.org\/{rel}","templated":true}]}}

Raznolikost v raziskovanju etničnosti: izbrani pogledi IV

<div id="content-text-block-block_43460946f80be3928b6c5eae892b2665" class="block-content-text-block">
    <p><p><strong>SUBJECT:</strong> ethnicity | ethnic groups | immigrants | Slovenia<br />
<strong>COBISS-ID:</strong> <a href="https://plus-legacy.cobiss.net/cobiss/si/sl/bib/264592387">264592387</a></p>
<hr>
<p style="text-align: justify">With the publication of this monograph, the Institute for Ethnic Issues symbolically marks one hundred years of activity in the field of minority and ethnic studies. The book is placed in the research field of current issues related to minorities and ethnicity in Slovenia and in the wider regional and European space. The common thread of the contributions is the understanding of social diversity as a fundamental characteristic of modern societies and a critical analysis of the methods of its institutional regulation, political governance and everyday implementation.</p>
<p>The authors of the contributions in the monograph discuss ethnic minorities, immigrants and their descendants within the framework of the welfare state, education, culture, media, politics and historical memory. The contributions range from analyses of integration policies, supplementary mother tongue lessons, the role of Roma assistants and cultural diplomacy to media representations, political participation and historical experiences of migration and minority policies in the 20th century. In doing so, they shed light on minority issues as a complex social process.</p>
<p style="text-align: justify">The monograph in the series <em>Raznolikost v raziskovanju etničnosti: izbrani pogledi</em> [Diversity in Ethnicity Research: Selected Perspectives] brings together fifteen contributions by researchers at the Institute for Ethnic Issues, as well as visiting and former colleagues. They present findings from their most recent work within the framework of various research projects, programs, and professional research assignments.</p>
</p>
</div>


<div id="content-text-block-block_85a9d2f18f61bf759e54f01f78e58d97" class="block-content-text-block">
    <p><p><span style="text-decoration: underline"><strong>Content</strong></span></p>
<ol>
<li style="text-align: justify"><a href="https://inv.si/wp-content/uploads/2026/02/1.-Bester_Medvesek_Pirc-Priseljenci-v-sistemu-socialne-varnosti-v-Sloveniji-RAZNOLIKOST-IV.pdf">Romana Bešter, Mojca Medvešek in Janez Pirc – Priseljenci v sistemu socialne varnosti v Sloveniji</a></li>
<li style="text-align: justify"><a href="https://inv.si/wp-content/uploads/2026/02/2.-Robert-Devetak-Potek-odhoda-slovenskega-prebivalstva-v-begunstvo-RAZNOLIKOST-IV.pdf">Robert Devetak – »‘Avanti via Italia!‘ se je čulo povelje laškega častnika«: potek odhoda slovenskega prebivalstva v begunstvo z območij, ki jih je med prvo svetovno vojno zasedla Italija</a></li>
<li style="text-align: justify"><a href="https://inv.si/wp-content/uploads/2026/02/3.-Barbara-Duvnjak-Tursic-in-Barbara-Riman-Pripadniki-slovenske-manjsine-na-Hrvaskem-RAZNOLIKOST-IV.pdf">Barbara Duvnjak Turšič in Barbara Riman – Pripadniki slovenske manjšine na Hrvaškem v spletnih različicah slovenskih medijev (2015–2025)</a></li>
<li style="text-align: justify"><a href="https://inv.si/wp-content/uploads/2026/02/4.-Ruzica-Jakesevic-Perceptions-of-MajorityOCoMinority-Relations-RAZNOLIKOST-IV.pdf">Ružica Jakešević – Perceptions of Majority–Minority Relations, Integration and Social Inclusion: Croatia and Slovenia in Comparative Perspective</a></li>
<li style="text-align: justify"><a href="https://inv.si/wp-content/uploads/2026/02/5.-Damir-Josipovic-Hrvati-na-ozemlju-danasnje-Slovenije-RAZNOLIKOST-IV.pdf">Damir Josipovič – Hrvati na ozemlju današnje Slovenije (1910–2002) – številčni in prostorski razvoj tradicionalnega območja poselitve kot okvira za manjšinsko zaščito s poudarkom na analizi popisa 1910 in na poselitvi v obmejnem pasu</a></li>
<li style="text-align: justify"><a href="https://inv.si/wp-content/uploads/2026/02/6.-Danijel-Grafenauer-in-Matjaz-Klemencic-Politicna-participacija-slovenskih-avtohtonih-manjsin-RAZNOLIKOST-IV.pdf">Danijel Grafenauer in Matjaž Klemenčič – Politična participacija slovenskih avtohtonih manjšin in slovenskih izseljencev – študija primerov koroških Slovencev in slovenskih Američanov po drugi svetovni vojni</a></li>
<li style="text-align: justify"><a href="https://inv.si/wp-content/uploads/2026/02/7.-Mojca-Medvesek-Uresnicevanje-dopolnilnega-pouka-maternih-jezikov-RAZNOLIKOST-IV.pdf">Mojca Medvešek – Uresničevanje dopolnilnega pouka maternih jezikov in kultur: sistemski izzivi in perspektive staršev</a></li>
<li style="text-align: justify"><a href="https://inv.si/wp-content/uploads/2026/02/8.Oskar-Mulej-Manjsinsko-vprasanje-RAZNOLIKOST-IV.pdf">Oskar Mulej – Manjšinsko vprašanje, disimilacija in bistvo narodnosti: Josip Wilfan in vprašanje Judov v Nemčiji, 1933–1934</a></li>
<li style="text-align: justify"><a href="https://inv.si/wp-content/uploads/2026/02/9.-Katalin-Munda-Hirnok-in-Sonja-Novak-Lukanovic-Mnenja-mladih-RAZNOLIKOST-IV.pdf">Katalin Munda Hirnök in Sonja Novak Lukanović – Mnenja mladih o pomenu narodnostne šole v Porabju</a></li>
<li style="text-align: justify"><a href="https://inv.si/wp-content/uploads/2026/02/10.-Noemi-Nagy-To-Recognize-RAZNOLIKOST-IV.pdf">Noémi Nagy – To Recognize or Not to Recognize? The Concept and Recognition of Minorities in Slovenia in Light of International Monitoring</a></li>
<li style="text-align: justify"><a href="https://inv.si/wp-content/uploads/2026/02/11.-Janez-Pirc-in-Romana-Bester-Romski-pomocniki-v-slovenskih-RAZNOLIKOST-IV.pdf">Janez Pirc in Romana Bešter – Romski pomočniki v slovenskih osnovnih šolah: zgodovinski razvoj, vloga in pomen</a></li>
<li style="text-align: justify"><a href="https://inv.si/wp-content/uploads/2026/02/12.-Lara-Sorgo-Maticna-domovina-RAZNOLIKOST-IV.pdf">Lara Sorgo – Matična domovina v očeh mladih pripadnikov italijanske narodne skupnosti v Sloveniji</a></li>
<li style="text-align: justify"><a href="https://inv.si/wp-content/uploads/2026/02/13.-Natko-Stiglic-Primerjalna-analiza-kulturne-RAZNOLIKOST-IV.pdf">Natko Štiglić – Primerjalna analiza kulturne diplomacije Republike Slovenije v sosednjih državah (2006–2023)</a></li>
<li style="text-align: justify"><a href="https://inv.si/wp-content/uploads/2026/02/14.-Sabina-Zorcic-Izkusnje-in-mnenja-RAZNOLIKOST-IV.pdf">Sabina Zorčič – Izkušnje in mnenja staršev o pouku romščine in romske kulture</a></li>
<li style="text-align: justify"><a href="https://inv.si/wp-content/uploads/2026/02/15.-Mitja-Zagar-O-pristopih-in-metodologiji-RAZNOLIKOST-IV.pdf">Mitja Žagar – O pristopih in metodologiji raziskovanja kompleksnih dinamičnih družbenih pojavov, objektivnosti ter financiranju in evalvaciji raziskovanja in znanosti (znanstveni esej)</a></li>
</ol>
</p>
</div>
